(d) = -4*d - 298. Calculate the remainder when 943 is divided by m(-135).
217
Let u(w) = -13*w**2 - 5 + 28*w**3 + 5*w - 5*w**2 + 30*w**2 - 13*w**2. Calculate the remainder when u(2) is divided by 57.
54
Suppose 0 = 2*m - 16 + 6. Let b(y) = -y**2 + 19*y - 27. Let g be b(13). Suppose u = -34 + g. What is the remainder when u is divided by m?
2
Let k = -1822 + 1904. Let p = 35 + 23. Let n = p + k. What is the remainder when n is divided by 24?
20
Suppose -3*b = -4*y - 1519, -4*b - 3*y = -8*b + 2023. Let j = 527 - b. Calculate the remainder when 135 is divided by j.
3
Let r = -10700 + 10984. Calculate the remainder when r is divided by 19.
18
Suppose -2*t = -5*y - 111 - 424, -4*t = -5*y - 535. Let i = y + 126. Suppose -4*o + o = -336. What is the remainder when o is divided by i?
17
Let l(q) = 15*q + 1. Let m = 18411 - 18320. What is the remainder when m is divided by l(1)?
11
Let c(m) = m**2 + 19*m + 27. Let x = 24 - 42. Let i be c(x). Suppose -4*u = -i*u + 75. Calculate the remainder when 71 is divided by u.
11
Suppose -16417 = -158*k + 7406 + 6197. Calculate the remainder when 2844 is divided by k.
184
Let x be ((-150)/(-200))/(2*(-2)/(-16)). Suppose 9*r + 205 = 4*p + 4*r, 3*r - 120 = -x*p. Calculate the remainder when 131 is divided by p.
41
Suppose -t - 1256 = -2*p, 0*t - t = p - 637. What is the remainder when p is divided by 131?
107
Let b(d) = 203*d + 826. Calculate the remainder when 218 is divided by b(-4).
8
Suppose 6*a - 3*q - 1035 = 0, -2*a = -18*q + 16*q - 344. Calculate the remainder when 1168 is divided by a.
130
Let z = -7289 + 7373. Calculate the remainder when 1439 is divided by z.
11
Let p be 3/6 + ((-942)/(-4))/(-1). Let f = 246 + p. What is the remainder when 74 is divided by f?
8
Suppose -5*o = -n + 116, -2*n + 344 = 2*n + 4*o. What is the remainder when 912 is divided by n?
2
Let y = -73 + 28. Let c be (-30)/y*21/1. Let p(q) = 3*q - 22. What is the remainder when 57 is divided by p(c)?
17
Suppose -114*n = -42*n + 167*n - 165388. What is the remainder when n is divided by 88?
76
Suppose -6*l - 29*l - 490 = 0. Let y = l - -42. Calculate the remainder when 104 is divided by y.
20
Let v = 397 + -395. Suppose v*i + 768 = 10*i. What is the remainder when i is divided by 17?
11
Let d = -765 - -1272. Calculate the remainder when d is divided by 164.
15
Suppose 2*s - 7 = -x + 3*s, s - 47 = -5*x. Suppose 23 = 8*m - x. What is the remainder when 58 is divided by (-102)/(-8) + (-3)/m?
10
Let c = 603 - 583. Calculate the remainder when ((-190)/(-6))/((-5)/(-15)) is divided by c.
15
What is the remainder when 450 is divided by 0 + 1 - (12/3)/(-1 - 1)?
0
Let p be (-217)/(-1) - (8 + -12). Let y = 413 - p. Suppose -5*a = -73 - y. Calculate the remainder when a is divided by 15.
8
Suppose 1419 = 11*q - 834 - 4017. Calculate the remainder when q is divided by 105.
45
Let h be 0 - (-2 - (-1 - -49)). Let v = 52 - h. Let z = -113 + 122. What is the remainder when z is divided by v?
1
Suppose 0*m + 4*m + 140 = 0. Let g = m + 41. Let h(w) = -2*w**2 + 12*w + 5. What is the remainder when 18 is divided by h(g)?
3
Suppose 0 = -14*c + 13*c - 2. Let h be c/(-3) - (-1030)/30. Suppose -q - 4*q = -h. What is the remainder when 14 is divided by q?
0
Let d = 122 + -198. Let s be 5/((-5)/(d - -1)). Suppose 9*g - s = 4*g. Calculate the remainder when 72 is divided by g.
12
What is the remainder when (40200/180)/(16/60*(-10)/(-4)) is divided by (-8)/(1/(-6 - 0))?
47
Suppose 0 = -130*j + 151*j - 1298 - 1390. Calculate the remainder when 1406 is divided by j.
126
Calculate the remainder when (26/130)/(3/14415) is divided by 3.
1
Suppose -3*a + 25 + 65 = 0. Let r be (-10)/4*(-24)/a. Suppose r*f + 61 = 93. Calculate the remainder when 40 is divided by f.
8
Let d be (-921)/(-15) - 2/5. Suppose -d = -5*w + 4*q, -4*w - 2*q - 26 = -6*w. Calculate the remainder when 24 is divided by w/(-21) + ((-460)/(-28) - 0).
8
Let c = 45725 + 1492. Calculate the remainder when c is divided by 12.
9
Let g = -4756 + 4858. Calculate the remainder when g is divided by 99.
3
What is the remainder when (4 + -2)*(-389)/(-2*(-4)/(-8)) is divided by 28?
22
Suppose -w - 5*g = -39, -8*g = 3*w - 5*g - 117. Suppose 2*r = 5*a - 4*a - 124, -5*r - 367 = -3*a. Calculate the remainder when a is divided by w.
36
Let m(p) = p - 11. Let v be m(13). Let c = -502 + 506. Suppose 0 = v*w - c*w + 38. What is the remainder when w is divided by 11?
8
Let a = 5892 + -4985. Calculate the remainder when a is divided by 13.
10
Suppose -3*u - 2*m = -107, u + 0*u = 4*m + 31. Calculate the remainder when 340 is divided by 1*21/u + (-636)/(-15).
39
Let b(v) = v + 93. Suppose 9*k - 33*k = -143*k + 1428. What is the remainder when b(0) is divided by k?
9
Let t(n) = 2*n + 75. Let u be t(8). Suppose h + p + 0*p = 25, -4*h + 5*p = -u. What is the remainder when 382 is divided by h?
22
Let k = -59 - -58. What is the remainder when -5 + 70 + k + -3 is divided by 22?
17
Suppose 0 = 2*n - k - 9, 4*k - 8 = -2*n - 24. Suppose -n*g + 4*r = 5 - 31, 3*g - 36 = 3*r. Calculate the remainder when 196 is divided by g.
9
Let l(w) = 2*w**2 - 275*w + 1668. Calculate the remainder when 441 is divided by l(6).
81
Let b = -143 - -74. Let h = b - -89. Suppose -2*a - 67 = -5*g + 2*a, -a + 30 = 3*g. What is the remainder when h is divided by g?
9
Let c = -252 + 224. Let o(d) = -5*d - 1. Let p be o(2). Let z = p - c. Calculate the remainder when 50 is divided by z.
16
Let n = -6833 - -7077. Calculate the remainder when n is divided by 8.
4
Suppose 1590*c - 1588*c - 208 = -2*k, 5*k + 30 = 0. Calculate the remainder when 218 is divided by c.
108
Suppose 102*g - 208*g = -108*g + 52390. Calculate the remainder when g is divided by 213.
209
Let t be (-5)/((-15)/3)*-2 - -3. Calculate the remainder when 231 is divided by 75/2 + t/((-6)/(-9)).
36
Suppose -20805 + 20641 = -4*i. What is the remainder when 858 is divided by i?
38
What is the remainder when 102 is divided by ((-833)/(-14))/17*(-51 + 3)/(-3)?
46
Let f(t) = t**2 + 4*t + 7. Let k = -17 - -10. Let a(l) = -l**2 + 520*l + 3171. Calculate the remainder when f(k) is divided by a(-6).
13
Suppose -502*a + 32*a = -19*a - 4399956. Calculate the remainder when a is divided by 11.
10
Suppose -98*y = -4*u - 94*y + 16088, 0 = 2*u - 9*y - 8079. What is the remainder when u is divided by 161?
153
Suppose q - 13 = -4*m, -3*q + 71 = -5*m + m. Let r = 12889 - 12883. What is the remainder when q is divided by r?
3
Let s = 93322 - 93312. Suppose 2*i = 3*i - 1. Let h(y) = 87*y**3 + y**2 - 2*y + 1. Calculate the remainder when h(i) is divided by s.
7
Let t(q) = 5*q**2 - 201*q + 1249. What is the remainder when 924 is divided by t(6)?
32
Suppose -31*u + 182 = -35. Suppose 5*p + 2*v = 49, p - 2 = -4*v + v. Calculate the remainder when p is divided by u.
4
Let p = -4 - -9. Suppose 5*a = 4*k + 192, -p*k = 5*a - 0*a - 210. What is the remainder when a is divided by 26?
14
Let t = -15389 + 15392. Calculate the remainder when t is divided by 2.
1
Suppose -2*m = 2*g - 274, -3*m - g + 273 = -m. Suppose -242 = 25*w - 967. Calculate the remainder when m is divided by w.
20
Let f(y) = -5*y**3 - 17*y**2 - 3*y - 41. What is the remainder when 5165 is divided by f(-4)?
16
Suppose -23*o - 6582 = -43681. What is the remainder when o is divided by 49?
45
Let t = -236 - -538. Calculate the remainder when t is divided by ((-3)/12)/(-21 - -26 - 1221/244).
58
Suppose 20*a = 16*a. Suppose a = 4*r - z - 124, -7*r + 132 = -3*r + z. Let h = 55 - 36. Calculate the remainder when r is divided by h.
13
Suppose 50*y - 36*y - 1116 = 410. What is the remainder when y is divided by 21?
4
Suppose -2*q - 370 = 13*v - 18*v, -3*q = -4*v + 303. Calculate the remainder when v is divided by 37.
35
Suppose -5*h + 360 = -4*a, 3*a + 213 = -7*h + 10*h. Suppose -7*p = -h - 148. What is the remainder when 253 is divided by p?
29
Suppose -4 = -4*h, -d + 76 - 48 = 2*h. What is the remainder when 140 is divided by d?
10
Suppose -5*l + 34 = -3*u, 2*u + 3 = 7. Suppose -l*w + 6*w = -z + 4, -5*z - 2 = w. Suppose z*x - 4*x = -56. Calculate the remainder when 95 is divided by x.
11
Let m = -42 - -64. Suppose -m = -h - h. Suppose w - 129 = -h. What is the remainder when w is divided by 30?
28
Let m = 114 - 67. Let o(s) = 182*s - 711. Calculate the remainder when m